-2*n. What is the units digit of c(w)?
6
Let l be ((-6)/(0 + 3))/(-2). Suppose -5*o - 4*q + 23 = 0, 0 = -2*q + 3 + l. What is the units digit of o?
3
What is the units digit of 30/4 + (-6)/4?
6
Let y(f) = 3*f**3 - 5*f**3 - f**2 + 4*f**2 + 1 - 4*f**2. Let v be (1/(-1))/(2/2). What is the units digit of y(v)?
2
Let o = -11 + 33. Let s = 35 - o. What is the units digit of s?
3
What is the units digit of (-4 + 1)*(-120)/8?
5
Let d(f) = -f**3 - 2*f**2 + 9*f + 8. What is the units digit of d(-6)?
8
Suppose -4*q + 24 = -4*v, 5*q - 2*v - 46 = -v. What is the units digit of 240/q*2/4?
2
Let f(m) = m**3 + 6*m**2 + 6*m. Suppose 3*k = 7*k + 3*s + 13, -k - 8 = -4*s. Let u be f(k). Let q = -6 + u. What is the units digit of q?
2
Suppose 8*r - 4*r - 8 = 0. Suppose -3*d = r*x + 2, -2*d = -x - 6*d - 6. What is the units digit of x?
2
Let g = 54 - 17. What is the units digit of g?
7
Let k(p) = 43*p. What is the hundreds digit of k(4)?
1
Let r be 2/(-5) + (-43)/5. Let u(n) = 11*n**2 + 9*n + 6. Let q(y) = y**3 - y**2 + y - 1. Let g(j) = -q(j) - u(j). What is the units digit of g(r)?
4
Let d(y) = 13*y - 2. Let a be d(3). Let b = -23 + a. What is the units digit of b?
4
Suppose -34*j + 31*j = -69. What is the units digit of j?
3
Let t = -4 - -6. Let i(m) = -3*m**t + 3*m**3 + 0*m**3 - m + 0*m**3 + 2*m. What is the units digit of i(2)?
4
Suppose -3*l - l = 4. What is the units digit of 53/4 + l/4?
3
Let p(i) = -2*i. Let x be p(-1). Suppose -c - x = -2*c. Suppose -c*s - 5*z = -5, 5*z = 3*s + 3*z - 17. What is the units digit of s?
5
Suppose -3*w = -5*s + 15, -s - 15 = 3*s + 3*w. Let p(o) = -o**2 + o + 2. Let k be p(s). Suppose k*h - 35 = -3*h. What is the units digit of h?
7
Let s(f) = -f + 1. Let q be s(-5). Suppose 5*n = 4*i - 41, -4*i + q = -2*n + 4*n. Suppose 29 + 37 = i*y + 5*m, 4*y + 3*m = 62. What is the tens digit of y?
1
Let o(g) = 9*g**2 - g - 5. What is the units digit of o(-3)?
9
Let d be 14/6 - 8/(-12). Let c be 5 + -5 - -1*d. Suppose -c*g - 2 = -23. What is the units digit of g?
7
Let j be 6*-2*(-3)/(-6). Let p = j + 16. Let z = p - 4. What is the units digit of z?
6
Let k be (1*81)/3 - 2. Let y = -10 + k. What is the units digit of y?
5
Let s(d) = d**2 + 2*d + 1. Let h be s(-3). Suppose -u - 17 = 4*f - f, h*f - 3*u + 1 = 0. Let w = f - -6. What is the units digit of w?
2
Suppose -3*d + 2*y - 111 = -2*y, -5*d + 5*y = 190. Let v = -9 - d. Suppose 12 = 4*a - v. What is the tens digit of a?
1
Let s(c) = 21*c**2 - c - 1. What is the units digit of s(2)?
1
Suppose 0 = -3*y + 180 + 216. What is the tens digit of y?
3
Suppose 5*q - 707 = -3*l, 225 = l - 0*q - q. What is the hundreds digit of l?
2
Let z = -28 - -28. Let n be 2 + 0 + (-2 - 0). Suppose n = 3*r + 6, -g + 3*r + 9 + 15 = z. What is the units digit of g?
8
Suppose -2 = 5*o + 8. What is the units digit of ((0 + o)*-1)/1?
2
Suppose -6*s + 4*s = -3*d + 203, -4*s = 3*d - 197. What is the tens digit of d?
6
Let c be 10/45 + 626/18. Suppose a = -0*a - 2*h + 20, a + 5*h = c. What is the tens digit of a?
1
Let p = 11 + -6. Let o = p - 2. Suppose 10 = 3*w + 2*b, 0*w + o*w + 3*b = 6. What is the units digit of w?
6
Let k be 3*(1/(-1))/(-1). Suppose -l + 4*l = k. Let j(q) = 3*q**3 - q. What is the units digit of j(l)?
2
Suppose 2*s = -4*x - 10, -5*x - 4*s - 5 - 6 = 0. Let g = x - -1. What is the units digit of (1/g)/(2/(-8))?
2
Let a be (6/2)/((-36)/(-24)). What is the tens digit of (168/(-49))/(a/(-14))?
2
Let g = -11 - -16. Let b = g - 4. What is the units digit of b?
1
Let f be (-4 - (0 + -3))*0. Suppose 4*t + 4*z - 32 = -f*t, 0 = -3*t + 4*z + 24. What is the units digit of t?
8
Suppose -a + 20 = -12. Let h = -3 + a. What is the units digit of h?
9
Suppose 2*r - 2*a = 82, 0 = r + 3*a + 17 - 78. What is the tens digit of r?
4
Let i = 38 - 70. Suppose -3*d + l - 72 + 20 = 0, -d - 4 = -3*l. Let v = d - i. What is the units digit of v?
3
Let t be (-15)/5 - (-5)/1. Suppose v + 0*v = t*w + 13, -4*w = 20. What is the units digit of v/(3/2)*1?
2
Let a(n) = n**2 - 9*n + 8. Let v be (-10)/(-4)*(-48)/(-30). Let w be (v - (-4)/(-2)) + 7. What is the units digit of a(w)?
8
What is the tens digit of 68*(2 - (-21)/(-12))?
1
What is the units digit of (2/(-6))/((-2)/6)?
1
Suppose 0 = -4*k + 40 - 4. Let r be 6/27 + 106/k. Suppose 2*v - 2 - r = 0. What is the units digit of v?
7
Let j(a) = a**3 - a**2 - 3*a - 4. Let n be j(3). Let x(p) = 6*p**2 - 7*p - 1. Let f be x(n). What is the tens digit of f/8 - 5/20?
1
Suppose 3*v = 22 + 14. Suppose -2*q + 12 = -3*r + 4*r, -2*q - v = -5*r. Let x(c) = -c**3 + 6*c**2 - 6*c + 5. What is the tens digit of x(q)?
1
Suppose -6*u - 3*x = -u - 15, 0 = -4*u - 3*x + 9. What is the units digit of u?
6
Let y be -8 + (-4)/(-12)*3. Suppose i - 22 = 2*l - 0*l, 5*i - 38 = 4*l. Let p = y - l. What is the units digit of p?
5
What is the units digit of (11/(55/4))/(1/155)?
4
Let x(b) = 3*b**2 - 2*b + 2. Let m be 28/10 - (-2)/10. Let q be x(m). Suppose 3*z - q = 1. What is the units digit of z?
8
Suppose 2*d - 5 = f + 3, 2*f - 24 = -4*d. Suppose t = 3*y - 19, f*t = -5*y - t + 27. Suppose 2*h - y = -0*h. What is the units digit of h?
3
Suppose -4*r = -0*f - 5*f - 13, 3*r - 11 = 5*f. What is the units digit of -1*19/(r + -3)?
9
Let m(c) = c**2 - c + 3. What is the units digit of m(6)?
3
Let a(g) = 25*g**3 + g**2 - 2*g + 1. Let b be a(1). Suppose 2*f = -3*n + 37, 0*n - 31 = -2*f + 3*n. Suppose f + b = 3*l. What is the tens digit of l?
1
Suppose 2*j = -l - 1 - 1, 5*l - 17 = -j. Suppose 29 = -l*t + 157. What is the tens digit of t?
3
Let c = -32 - -62. What is the tens digit of c?
3
Let q(w) = -5 + 17 + w + 4*w**2 - 5*w**2 + 7*w. What is the units digit of q(9)?
3
Let q(r) = 18*r**3 + 3*r**2 + 3*r + 3. Let z be q(-2). Suppose 3*d = -2*t - 26, 3*t - 37 = d - 2*t. What is the units digit of z/d - 2/8?
1
Let u(o) = o**2 + 4*o - 1. Let p be u(-4). What is the units digit of 11 - (-2 + p) - -2?
6
Suppose -5*b + 142 = -s, -b - 78 = -4*b - 3*s. Let y = b - -4. What is the units digit of y?
2
Suppose 4*q - 3*b = -7*b - 88, -5*q = -3*b + 110. Let c = -13 - q. What is the units digit of c?
9
Suppose s - 26 = -0*i - i, 4*s = 2*i - 70. Suppose a - 3*l - 8 = i, a - l = 39. What is the tens digit of a?
4
Let d(s) = -4*s - 5*s + 0*s**2 + 5*s + 2*s**2. Let p be d(4). Suppose -2*z + 62 = 4*y, -60 = -5*y - z + p. What is the tens digit of y?
1
Suppose 5*l + 2*m + m - 50 = 0, 2*m = -2*l + 20. Suppose -5*f = 5*b - l, 17 = 4*b - 0*f + f. What is the units digit of b?
5
Let f = -2 + 4. Let g be (4 - 1)/(1 + 0). Suppose -g*a + 7 = -y + f, 4*y - 8 = 5*a. What is the units digit of y?
7
Let d(k) = -k**3 - 27*k**2 + 17. What is the tens digit of d(-27)?
1
Let s be 2/(-10)*-2*50. Suppose 4*y - 20 = s. What is the units digit of y?
0
Let b(d) = -d**2 - 12*d - 6. Let r be b(-9). Suppose 5*x + 3*a - 4 = r, a = -x + 7. What is the units digit of x?
2
Let r = -145 + 294. What is the tens digit of r?
4
Suppose -3*h - 5*x + 34 = 0, -h - 3*h + 7 = -x. What is the units digit of 1/h - 69/(-9)?
8
Let g(u) = 11*u**3 - 32*u**2 - 6*u + 5. Let k(a) = -4*a**3 + 11*a**2 + 2*a - 2. Let y(r) = -3*g(r) - 8*k(r). What is the tens digit of y(8)?
1
Suppose 5*p = 18 + 52. Let x = -14 - -24. Let l = p - x. What is the units digit of l?
4
Let s = -167 - -516. What is the tens digit of s?
4
Suppose -3*m = -0*m - 12. Let v = 0 + m. Let i = v - 1. What is the units digit of i?
3
Suppose -2*c - 1272 = -8*c. What is the units digit of c?
2
Let q = 165 - 115. What is the units digit of q?
0
Suppose m = -2*w + 102, 0 = -4*m + 2*m + 8. What is the units digit of w?
9
Suppose 4*c + 4*a - 464 = 0, 0 = 2*c + 3*a - 116 - 121. What is the hundreds digit of c?
1
What is the tens digit of (-201)/(-15) - 12/30?
1
Let n be (-1 + 2)*(9 + -1). Let v = 4 + n. What is the tens digit of v?
1
Suppose -2*s + 8 = -0. Let b(i) = 3*i + 4 - 4 - 4. What is the units digit of b(s)?
8
Let t = 0 - -7. What is the units digit of t?
7
Suppose -5*p = -150 - 65. What is the units digit of p?
3
Suppose -s - 2*s = -9. Let n = s + -4. What is the units digit of 6 + (-1 + 1 - n)?
7
Let x be -3*((-4)/6)/(-2). Let q(z) be the third derivative of -z**6/40 + z**4/12 + z**3/6 + 2*z**2. What is the units digit of q(x)?
2
What is the tens digit of -5*(-2 - -4 - 19)?
8
Let r = 20 + -14. Let m = -5 + r. Wh